8. Calculate the greatest common divisor of h and 4.
4
Let w = 59 - 39. Let y(p) = p. Let d be y(4). Let z(q) = 14*q - 6. Let u be z(d). Calculate the highest common factor of u and w.
10
Let x = 21 + -15. Let d(w) = 2*w**2 + 8*w + 6. Let q be d(-6). Calculate the greatest common factor of x and q.
6
Suppose 11 - 191 = -5*o. Calculate the highest common divisor of 4 and o.
4
Let y = 113 + -29. Calculate the highest common divisor of y and 21.
21
Let a(y) = 6*y**2 + 8*y. Let w be a(6). Let q = w + -132. What is the greatest common divisor of 12 and q?
12
Suppose 2*i + 0*i - 21 = -5*v, i + 5*v = 18. Suppose 4*w = 4*f, -3*w + 4*f + 0 - 2 = 0. What is the highest common factor of i and w?
1
Suppose -3*m + 24 = -24. What is the highest common factor of 4 and m?
4
Suppose 5*t - 9*t + 28 = 0. Suppose 4*r - 329 = -89. Let n = r + -39. Calculate the greatest common factor of n and t.
7
Suppose l - 3*a + 5 = -4, 0 = 5*a - 25. Suppose y + y - l = 0. Suppose 4*f - r = -f + 163, 0 = -4*f + 3*r + 126. What is the highest common factor of f and y?
3
Let a = -5 - -19. Let n(r) = 2*r**2 - 1 + r + 7*r - 2*r. Let u be n(-6). Calculate the highest common divisor of u and a.
7
Suppose -38 = -5*q + 57. Let u(a) = 23*a - 9. Let y be u(7). What is the highest common divisor of y and q?
19
Let o = 3 + 4. Let k(d) = -d**2 + 17*d - 4. Let m be k(o). Calculate the greatest common divisor of 6 and m.
6
Let l be 0 - (-1*2 - 78). Let o be 2 - (0 + 0) - 1. Let j be 2 + (-3)/o - -11. What is the greatest common factor of j and l?
10
Let x(d) = -2*d - 1. Let i be x(-2). Calculate the greatest common divisor of 3 and i.
3
Let o(l) = l**2 + 2*l - 4. Let m be o(-4). Suppose -5*g + 0*a + 9 = a, -3*g + 10 = -m*a. What is the greatest common factor of 5 and g?
1
Suppose -3*y + 37 = i + 2*y, 5*i - 35 = 5*y. Let k(t) = -t**3 + 13*t**2 + 17*t + 6. Let h be k(14). Calculate the greatest common divisor of h and i.
12
Let d(r) = -r**3 + 11*r**2 + 11*r + 17. Let m be d(12). What is the greatest common factor of 20 and m?
5
Suppose -3*h + 7*h - 108 = 0. Let n = -100 + 208. Calculate the highest common divisor of n and h.
27
Let d(c) be the second derivative of c**4/12 - 2*c**3 - 9*c**2/2 + c. Let x be d(13). What is the greatest common divisor of 16 and x?
4
Let g be ((-6)/5)/(2/(-15)). Let b = g - -1. What is the highest common divisor of 90 and b?
10
Let j(m) = -2*m - 3. Let n be j(-4). Let w(s) = 4 + 2*s**2 - 5 + 3 - 1 - 2*s. Let d be w(-3). Calculate the highest common factor of n and d.
5
Let c be (-80)/(-3)*(-45)/(-30). What is the greatest common divisor of 120 and c?
40
Let s(m) = -m**3 - 5*m**2 - 2*m - 6. Let f be s(-5). Suppose -f*q - q = -280. Suppose 0 = -2*b - q + 188. Calculate the greatest common divisor of 22 and b.
22
Let q be (6/(-5))/(18/(-240)). What is the highest common factor of q and 128?
16
Let w be (-8 + -1 - -1) + 0. Let o be 84*(-1 - 14/w). What is the highest common factor of 7 and o?
7
Let a be (54/(-21))/(1/(-7)). What is the greatest common divisor of 6 and a?
6
Let i be (-104)/(-3) - 1/(-3). Let g be (-415)/(-30) + (-2)/(-12). What is the greatest common divisor of g and i?
7
Let y(c) = -c**2 + 2*c + 8. Let t be y(6). Let s be 54/(-8)*t/3. What is the highest common divisor of s and 4?
4
Let l = -24 - -44. Let k(m) = m**3 + 6*m**2 - m. Suppose -4*b + 9 = -5*b + z, -4*z - 9 = 5*b. Let v be k(b). Calculate the greatest common factor of v and l.
10
Let j(b) = -8*b**3 - 3*b + 4*b**3 + 0*b**2 - b**2 - 4 + 0*b**2. Let z be j(-3). What is the highest common factor of 26 and z?
26
Let l be (6/(-9) - 0)*-12. Suppose l = 4*w, 3*z = -w + 2*w + 10. Suppose 4*f - 55 = 3*q, 25 = 4*f - q + z*q. What is the highest common factor of 80 and f?
10
Let d be 2/2 - (-143 - 9). Calculate the highest common divisor of d and 17.
17
Let t(v) = 1 - 15*v + 1 - 3. Let g be t(-1). Suppose u = g + 5. What is the highest common divisor of u and 76?
19
Suppose -4*g - 13 = 27. Let s be (-225)/g*20/6. What is the highest common factor of 30 and s?
15
Suppose 60 = -6*x + 4*x. Let m be 26/(-195) - 1654/x. Calculate the highest common divisor of 11 and m.
11
Suppose 17 = p + 3*t - 2*t, 4*t - 47 = -3*p. Calculate the greatest common factor of p and 7.
7
Suppose 0 = -a + 2*a - 176. Calculate the greatest common factor of a and 16.
16
Let o(n) = 76*n - 28. Let w be o(5). What is the greatest common factor of w and 44?
44
Let m be 7*(-1 + -2 + 4). Suppose -2*n + m = -n. Calculate the greatest common divisor of n and 77.
7
Let l = 139 - 69. What is the greatest common divisor of 28 and l?
14
Let g(j) = 10*j - 6*j**2 + 5*j**2 + 1 - 10. Let o be g(9). Suppose 2*l + 4*q = 112, q + o*q - 252 = -4*l. Calculate the greatest common divisor of l and 16.
16
Let f(s) = 7*s**2 + s + 1. Let q be f(-1). Calculate the greatest common divisor of 7 and q.
7
Suppose d = -4*j + 40, 3*j + 2*d - 17 = 2*j. What is the highest common factor of 9 and j?
9
Suppose 0 = 3*u - 5*k - 145, -2*k = -5*u + k + 247. What is the greatest common divisor of u and 10?
10
Suppose -3*d + d + 36 = 4*o, -46 = -3*d - 2*o. Calculate the highest common factor of 70 and d.
14
Let f be (-8)/3*105/(-28). What is the greatest common factor of 10 and f?
10
Suppose -x - 2*f = -19, -72 = x - 4*x - 3*f. Calculate the highest common factor of x and 232.
29
Let x(h) = 3*h**2 + 3*h. Let j be x(-3). What is the greatest common divisor of j and 162?
18
Suppose 2*c = -2*c - 32. Let w = 12 + c. What is the greatest common divisor of 2 and w?
2
Let s be 19/4 - 1/(-4). Suppose 10 + 10 = s*k. Let v be k/(-18) - 364/(-18). Calculate the greatest common divisor of v and 5.
5
Let x be ((-28)/6)/(4/(-18)). Let r(g) = -11*g + 108. Let b be r(6). Calculate the highest common factor of x and b.
21
Suppose 0 = -4*j - 5*k - 257, -236 + 43 = 3*j + 4*k. Let x = -37 - j. Let h = 96 + -31. What is the highest common divisor of h and x?
13
Suppose 3*i = 2*i + 27. Let z(y) = y**2 - 3*y + 5. Let r = 0 + 4. Let s be z(r). What is the greatest common divisor of s and i?
9
Let a(i) = i**2 - 10*i - 3. Let r(f) = f - 1. Let u(x) = -a(x) - 4*r(x). Let y be u(7). Suppose q = -y*q + 4. What is the greatest common divisor of q and 32?
4
Let k be (2 + -1)/(4/96). What is the highest common divisor of k and 6?
6
Suppose r = -3*r. Suppose -2*i + 5*i - 15 = r. Let u be ((-2)/(-4))/((-3)/(-120)). Calculate the highest common divisor of u and i.
5
Let k(n) = -5*n**3 - 4*n**2 - 4*n - 2. Let u be k(-2). Let b = -3 - -3. Suppose b = -5*c + 134 + 91. Calculate the highest common factor of u and c.
15
Let s = -6 - -8. Suppose 0*d + s*d - 18 = 0. Let r be 439/7 + 22/77. What is the greatest common divisor of d and r?
9
Let x be -1 - 13/(-1) - -2. Calculate the highest common factor of 49 and x.
7
Let l(c) = 4*c - 6. Let z = 25 + -17. Let f be l(z). Let x = 65 + -26. What is the greatest common factor of x and f?
13
Let s(n) = -26*n - 18. Let w be s(-8). What is the greatest common divisor of w and 10?
10
Suppose 5*o - 2 - 3 = 0. Let r be o - 1 - (-5 - 60). Calculate the greatest common divisor of r and 26.
13
Let n be -12*(1 - 36/16). What is the greatest common divisor of n and 5?
5
Suppose 0 = 5*c - 2*x - 35, 0 = 6*c - c - 5*x - 20. Let r = 2536 + -1268. Let w be r/20 + 4/(-10). What is the highest common factor of c and w?
9
Suppose 3*b + 0*j + 2*j - 77 = 0, 4*b - 112 = 2*j. Suppose 5*w - b = 2*w. Let r = 9 - 8. What is the highest common divisor of r and w?
1
Suppose -6 = w + 15. Let h be (-14)/w + 2/6. Let c be 0 - -2*6*h. What is the greatest common divisor of c and 48?
12
Suppose -8*w = -9*w + 12. What is the highest common divisor of w and 132?
12
Suppose n - 3 = 3. Let u(s) = -s**3 + 6*s**2 + 7*s - 3. Let i be u(n). Let b = -52 - -78. Calculate the highest common divisor of b and i.
13
Suppose 0*h - 285 = -3*h. Let b be h/20 - (-1)/4. Suppose -b*p + 71 = -4*u, 0*u - 48 = -4*p + u. Calculate the greatest common factor of p and 11.
11
Let d be ((-1)/2)/(2/(-144)*1). What is the greatest common divisor of 4 and d?
4
Let t be (1 - 0)/(1/2). Suppose 0 = 2*o - 4*o - 40. Let x = 30 + o. Calculate the highest common divisor of t and x.
2
Suppose -237 - 393 = -15*l. Calculate the highest common divisor of 21 and l.
21
Let o be (2/(-4))/(3/(-126)). What is the highest common factor of o and 14